- j + v = 26. Is m a composite number?
False
Suppose 3*k = -0*k + 12. Let h(t) = 2*t**3 - 9*t**2 + 4*t + 1. Let x be h(4). Is -642*k/(-4) - x composite?
False
Let n = 24 + -18. Suppose -2*u + n = -2. Is 509/u - 3/12 a composite number?
False
Let o = 629 + -286. Suppose w + 4*p = 109, 3*w - 4*p + 16 = o. Is w a prime number?
True
Suppose -2*a + 9194 = -38. Suppose -a - 9992 = -16*q. Is q a composite number?
True
Let w(g) = -5*g**3 + 3*g**2 + 66*g + 31. Is w(-11) a composite number?
False
Let b(o) = 73*o**2 + 46*o + 2. Is b(-19) prime?
False
Let v = -28379 - -49420. Is v prime?
False
Let y(n) = n**3 + 8*n**2 + 5*n. Let v be y(-4). Suppose -4*m + 7 = -1, -2*j + v = 3*m. Is j a composite number?
False
Suppose 44823 = l - j, -10*j - 16 = -14*j. Is l composite?
True
Let b(c) = -27*c + 11 - 4*c + 0 - 5. Is b(-7) prime?
True
Let h be 0 + (9 - 3 - 2). Suppose h*g = -6 - 10. Is (4/(-8))/(g/1496) a composite number?
True
Suppose -m = q - 4, -12 = -3*m - 0. Suppose 4*x - 8 = q, 278 + 88 = 4*t - x. Suppose -2 = -y + t. Is y composite?
True
Let j be -2 - 425 - 1*(-1 - 0). Is 7/((-14)/j) - -2 prime?
False
Let r = -686 + 1557. Suppose 11*i - 8*i - k - r = 0, -4*k - 283 = -i. Is i prime?
False
Suppose -4*s = 401 + 315. Suppose 3*k + 5*l - 229 = -0*k, -2*l = -3*k + 236. Let d = k - s. Is d prime?
True
Suppose -16*f + 122782 = 6*f. Is f composite?
False
Let a = 11019 + -2224. Is a composite?
True
Suppose -186*c + 169*c = -17527. Is c composite?
False
Let k = -351 + 2218. Is k a prime number?
True
Let q be 52 + 1 - (1 - 5). Let a be (-12)/(-5) - 2/5. Let k = q - a. Is k a prime number?
False
Suppose -7 = -4*u - 3. Let i be (u - -190)/((-4)/8). Let l = 13 - i. Is l a composite number?
True
Let b = 60962 + -20527. Is b a prime number?
False
Let z = -197 - -3436. Is z prime?
False
Let l(c) = -c**2 - 16*c + 3. Let w be l(-16). Suppose 1631 = w*m + 2*g, g + 3*g = -2*m + 1074. Is m prime?
True
Suppose -3*x + 11 - 32 = 0. Let g = x + 9. Let f = g + 33. Is f prime?
False
Let m(n) be the second derivative of -4*n - 49/6*n**3 + 0 - 3*n**2. Is m(-11) prime?
False
Let h(y) = 2*y**2 - 8*y - 13. Let r(b) = -3*b**2 + 4. Let g be r(-2). Is h(g) a prime number?
True
Let l(d) = d**2 + 2*d - 3. Let q be l(2). Let a = q - 0. Suppose 0 = a*c - 2*c - 879. Is c composite?
False
Suppose -4*v - c + 97752 = 0, 3*c = -7 - 5. Is v a prime number?
True
Let a(q) = 23*q**2 - 124*q + 27. Is a(-28) a prime number?
False
Let g(l) = -3*l + 5. Let z be g(8). Let c = 48 - z. Is c a composite number?
False
Suppose 21*a = 2*l + 16*a - 41842, -a = -3*l + 62763. Is l prime?
True
Suppose -16386 = -28*b + 149458. Is b composite?
False
Let j(u) = u**3 + 23*u**2 - 79*u + 20. Is j(-26) a composite number?
True
Let l be 0 - 1 - (-1 + -3). Suppose l*c = -0*c. Suppose -242 = -4*j - 3*a, -4*j + 252 = -2*a - c*a. Is j composite?
True
Let w(p) = -p + 2. Let l be w(-2). Suppose 0*i + 5*i - 635 = l*o, -o = -4*i + 497. Suppose -q + i = -0*q. Is q a composite number?
True
Let h(m) = -10*m**2 + m - 3. Let f be h(2). Let k = -708 - -996. Let c = f + k. Is c prime?
False
Suppose 1214 = -j + 17. Let r be j/(-12) - 4/(-16). Let a = 159 - r. Is a a prime number?
True
Let m(a) = -3*a**3 + 19*a**2 - 21*a - 2. Let g(p) = p**3 - 6*p**2 + 7*p + 1. Let t(x) = -11*g(x) - 4*m(x). Let f be -2*2/6*-15. Is t(f) prime?
True
Let u be (2 - (5 - (-3 - -6)))/(-1). Suppose -n + u*c + 793 = -c, -5*n - c + 3953 = 0. Is n composite?
True
Is (-4)/30 + (-5161504)/(-480) a composite number?
False
Is (66/55)/((-4)/(-3470)) a prime number?
False
Let u = 58616 + 36933. Is u prime?
True
Let y(p) = 98*p**2 - 45*p - 301. Is y(-8) composite?
True
Suppose o = 4*o, o = -j. Suppose j = 11*u - 2*u - 6381. Is u composite?
False
Let j(k) = -547*k - 172. Is j(-15) prime?
False
Suppose 0 = -4*a - 2*h + 1486, 3*h + 381 = 5*a - 1471. Is a a composite number?
True
Suppose 3*c - 2*c = 5. Suppose 508 = -p + c*p. Is p a prime number?
True
Suppose -7*f + 20 = -3*f. Suppose -q + f = -2. Suppose 2*z = q*z - 185. Is z a composite number?
False
Let w(l) = 2744*l**3 - l**2 - l + 1. Is w(1) prime?
False
Let s = 3 - -40. Suppose 4*w + s - 405 = 2*u, w - 5*u = 86. Is w composite?
True
Let y be (-2)/((-4)/533)*72/(-36). Let s = 2010 - y. Is s prime?
True
Let j be 39/9 - 2/6. Suppose 4*k = -5*b + 28, 4*b + 5*k + 0 = 26. Suppose d + 260 = 5*r, r - b*d - 245 = -j*r. Is r a prime number?
True
Let r(b) = 7*b**2 + 10*b - 5. Let o(l) = -l - 1. Let j(h) = 6*o(h) + r(h). Is j(6) prime?
False
Let c be (2/(-4))/(3/(-42)). Suppose 4*w - 9 = c. Let n(z) = -z**3 + 6*z**2 - 4*z - 5. Is n(w) composite?
False
Let z(y) = 2*y - 1. Let k be z(-3). Let h = 11 + k. Suppose -262 = 2*g - h*g. Is g composite?
False
Let b(w) = 74*w - 3. Suppose 14*k = 16 + 124. Is b(k) prime?
False
Let k = -3451 - -7424. Suppose 0*d - 4*d - 1007 = -g, 4*g - k = 5*d. Let m = -568 + g. Is m composite?
False
Suppose -18*f + 45 = -13*f. Is 1/3 - (6 - 474/f) composite?
False
Let a = -191 - -64408. Is a a composite number?
False
Suppose 4*v + 2*v - 6684 = 0. Let f = v - 45. Is f a composite number?
False
Let a = 3 + 0. Let x be (a/(-9))/(2/(-2892)). Let b = x + -339. Is b a composite number?
True
Suppose 8*q - 68838 - 43570 = 0. Is q a prime number?
True
Let v = 599 - 266. Let t = v + 184. Is t a prime number?
False
Suppose 4*q - 16 = -4*d, -3*d = 2*d - 2*q - 20. Suppose -o + 2*o - 113 = -2*f, -d*f - 4*o + 224 = 0. Is f composite?
True
Let f(h) = -28*h**3 - 1. Suppose -2*s = -4*g - 27 + 1, -10 = 2*s + 5*g. Suppose -4*b = -3*o - 14, 2*o - s*b + 13 = -1. Is f(o) composite?
False
Suppose 0 = 2*b + 2, 0*o + 5089 = -2*o - 3*b. Let p = o + 3684. Is p a prime number?
False
Suppose 163*c = 159*c + 3*o + 46904, 4*c + 2*o = 46924. Is c a composite number?
True
Let y(v) = -2*v + 37 - 3*v + 6*v. Let x(g) = -g - 9. Let a be x(-9). Is y(a) a prime number?
True
Let v(j) = -3*j + 9. Let d be v(12). Let w = d + 27. Suppose w = r + r - 2*l - 34, 0 = 5*r + 2*l - 57. Is r a composite number?
False
Let w(o) be the third derivative of 4*o**4/3 + 7*o**3/6 - o**2. Is w(8) composite?
False
Let f(z) = -56*z + 2. Let h(x) = 1 + 0 + 4 - 3*x + x. Let g be h(3). Is f(g) a composite number?
True
Let j be -3*-6*(-3)/(-6). Is (-12)/9 + 1011/j a composite number?
True
Let w(y) = -9*y**2 - 7*y + 13. Let g(p) = -19*p**2 - 13*p + 26. Suppose 3*x - 1 + 10 = 0. Let s(v) = x*g(v) + 5*w(v). Is s(-6) a composite number?
True
Let r = -6722 - -10234. Suppose 6922 = 6*t - r. Is t a composite number?
True
Let x(i) = 33*i. Let z(q) = 16*q. Let k(j) = -6*x(j) + 14*z(j). Let t be k(-2). Let h = 86 + t. Is h a prime number?
False
Suppose 0 = u - 3*u + 2*m + 1512, 5*u + m = 3798. Suppose u + 714 = 3*n. Is n a prime number?
True
Suppose -4*v + 47 = 5*m, m + 2*v - 14 + 1 = 0. Suppose m = -12*p + 8251. Is p prime?
False
Let s = 6 - 1. Suppose 0 = -i + s*y - y + 73, -5*y + 94 = 2*i. Let b = i + 22. Is b a prime number?
True
Suppose 3*x + 121285 = -29*z + 34*z, -4*z + x + 97028 = 0. Is z a prime number?
False
Suppose -5*h - 3*q + 16 = 0, -2*q = h - 6*q + 6. Suppose h*s - 8754 = -4*s. Is s a composite number?
False
Let d(x) be the first derivative of -70*x**2 - 61*x + 26. Is d(-10) composite?
True
Let u = 68921 - 42298. Is u a prime number?
False
Suppose -11176 = -3*c + 4643. Is c composite?
False
Is ((-20)/15)/((-32)/1189368) a composite number?
True
Suppose -6 = 2*a, 5*b + 43351 - 116352 = 2*a. Is b composite?
True
Suppose -9*z + 43141 = -2*z. Is z a prime number?
True
Let m(o) = o**3 - 21*o**2 - 14*o - 7. Is m(27) a composite number?
False
Let p(r) = -r**3 + 6*r**2 + 8*r - 2. Let k be p(7). Let t = -3 + k. Suppose y - t*y + 307 = 0. Is y prime?
True
Let i(g) = -97*g**3 + g**2 + 2*g + 1. Let r be i(-1). Suppose r - 546 = -o. Is o composite?
False
Let a = -733 - -1320. Is a composite?
False
Let y(c) = 2*c + 14. Let k = 1 + -10. Let d be y(k). Let s(u) = 4*u**2 + 3. Is s(d) a composite number?
False
Suppose -u + 2*v = u - 646, -u = 2*v - 335. Suppose k + 104 = u. Is k composite?
False
Let c(i) = 5*i - 14. Let v(k) = 9*k - 29. Let z(t) = 11*c(t) - 6*v(t). Let f be z(-14). Suppose 0 = 4*b - f*b + 370. Is b a prime number?
False
Let f = -707 - -5619. Suppose 3*a + 3*s - 4902 = -0*s, -s + f = 3*a. Is a prime?
False
Let h(y) be the second derivative of -41*y**3/6 + 9*y**2 - 6*y. L